+ -463?
624665
In base 8, what is -1734372 + -1120?
-1735512
In base 10, what is 95 - 15614?
-15519
In base 6, what is -315102025 + -42?
-315102111
In base 16, what is 3 - 3576a1?
-35769e
In base 10, what is 7172391 + 69?
7172460
In base 11, what is -5595 + 5531a?
4a835
In base 16, what is 4357 + 434?
478b
In base 5, what is 4 + 1004332201?
1004332210
In base 4, what is -11 - -2112332022033?
2112332022022
In base 13, what is 47 - -1c629c?
1c6316
In base 16, what is -2618a5 - c?
-2618b1
In base 12, what is 884 - -57a33?
586b7
In base 7, what is -311 - -1556400?
1556056
In base 11, what is 9aa - 4747?
-3848
In base 11, what is -1044 - -15537?
144a3
In base 16, what is -4 + -5cce10?
-5cce14
In base 7, what is 153064625 + 15?
153064643
In base 16, what is de2 - -3252?
4034
In base 4, what is 22302310 - -213?
22303123
In base 12, what is 2823 - 19241?
-1661a
In base 5, what is -4303 + 2404113?
2344310
In base 11, what is 30 + -14733?
-14703
In base 4, what is -102013012222 + -3?
-102013012231
In base 16, what is 2002ce9 - -3?
2002cec
In base 13, what is 14c + -49037?
-48bb8
In base 10, what is -26 - -413725?
413699
In base 5, what is 111014024 + -13?
111014011
In base 9, what is 17 - 224508067?
-224508050
In base 11, what is -10181250 + 2?
-10181249
In base 8, what is -243 - -23413076?
23412633
In base 2, what is 11000100010010110000 - 111100?
11000100010001110100
In base 9, what is 0 - -1358320?
1358320
In base 8, what is -75 - -731135?
731040
In base 3, what is -102122222000011 + 11?
-102122222000000
In base 15, what is -2 - b12694?
-b12696
In base 13, what is -1762b1 - -17?
-176297
In base 14, what is 138b7c05 - 4?
138b7c01
In base 3, what is 2102000211221 - 22201?
2102000112020
In base 7, what is -2006616514 + -5?
-2006616522
In base 10, what is -4 + 195424135?
195424131
In base 13, what is 6 - -114a44?
114a4a
In base 12, what is 1485401 - 1b?
14853a2
In base 12, what is 118128135 + 3?
118128138
In base 8, what is -1266 + 1710?
422
In base 9, what is -223082008 - -2?
-223082006
In base 9, what is 173746354 + 1?
173746355
In base 16, what is 865316 - -2?
865318
In base 10, what is 12488774 - -1?
12488775
In base 10, what is -7 - 5263047?
-5263054
In base 13, what is 181b736 + 6?
181b73c
In base 8, what is 7 + 542203454?
542203463
In base 8, what is -77674010 + -30?
-77674040
In base 16, what is f7e97 + 19?
f7eb0
In base 5, what is 3 - -20221221413?
20221221421
In base 4, what is 12110123322 - 102?
12110123220
In base 13, what is 682 + -9885?
-9203
In base 16, what is 275 - -e42?
10b7
In base 5, what is -1 + 14212022313?
14212022312
In base 3, what is -1111000 - 12210110?
-21021110
In base 14, what is -2bcab016 + 1?
-2bcab015
In base 10, what is 1624613 + -13?
1624600
In base 11, what is 184 + -3539?
-3365
In base 12, what is -987261 + 28a?
-986b93
In base 2, what is -1101110 + -100111010000011011?
-100111010010001001
In base 13, what is -1 + -42264a?
-42264b
In base 12, what is -29a9aa - -32?
-29a978
In base 12, what is 3280393 - 0?
3280393
In base 4, what is 11 - 1011001313212?
-1011001313201
In base 6, what is 2 - 21335002004?
-21335002002
In base 3, what is 222122110221 - 22?
222122110122
In base 7, what is 124004004 + -14?
124003660
In base 10, what is -4384 - -83490?
79106
In base 10, what is -1057 + 26687?
25630
In base 13, what is -347 - 501498?
-501812
In base 8, what is 125175 + -55?
125120
In base 13, what is 1327ac77 - -10?
1327ac87
In base 2, what is 1011001 - -10101000101010010010101?
10101000101010011101110
In base 7, what is -215015 - -3245?
-211440
In base 4, what is -10 - 21121130103?
-21121130113
In base 2, what is 11 + 1100011110000101001111?
1100011110000101010010
In base 5, what is 13401 - -14314123?
14333024
In base 7, what is 5300012 - 1104?
5265605
In base 4, what is 11 - 23022330200?
-23022330123
In base 8, what is -2 + 170456336?
170456334
In base 4, what is 10030131 - 3101?
10021030
In base 6, what is 22442232 - -4?
22442240
In base 13, what is 0 - -17588804?
17588804
In base 11, what is -121 + 46742?
46621
In base 6, what is -1124404 - -1134?
-1123230
In base 3, what is 10210 + -20020002121?
-20012221211
In base 14, what is -983d377b - -5?
-983d3776
In base 15, what is 297e + 77a?
3209
In base 7, what is -402044 - -145?
-401566
In base 16, what is 138a + 3ed2?
525c
In base 15, what is -d6 - 95?
-17b
In base 14, what is -2 + -59a921?
-59a923
In base 5, what is -14112241334 + -2?
-14112241341
In base 6, what is -121414121 + 2?
-121414115
In base 7, what is -131041 - 25404?
-156445
In base 2, what is 10100100101100100101010110000 + -11?
10100100101100100101010101101
In base 13, what is 6b + 578c?
582a
In base 6, what is 1 + -1544232440?
-1544232435
In base 2, what is 111111010111110100 - 1111?
111111010111100101
In base 3, what is 202110110 - -2222002?
212102112
In base 6, what is -23415033431 + 3?
-23415033424
In base 10, what is 127 + 13943?
14070
In base 5, what is 24122 - -444422?
1024044
In base 13, what is 487a51a + -3?
487a517
In base 10, what is 0 - -362943?
362943
In base 6, what is 141310023 - -22?
141310045
In base 2, what is 10011111110100101 + -1010100000?
10011110100000101
In base 16, what is -f + 6f2e4?
6f2d5
In base 16, what is 0 + -10d9c6?
-10d9c6
In base 11, what is 0 - 16437936?
-16437936
In base 14, what is -469cd87 + 4?
-469cd83
In base 2, what is 10011111111010100101110 - -100?
10011111111010100110010
In base 8, what is 407242 + 103?
407345
In base 2, what is 11011 - -100000100101110100110?
100000100101111000001
In base 6, what is 1124 - 40133?
-35005
In base 7, what is -216 + -43130410?
-43130626
In base 15, what is -b7 - 5199?
-5261
In base 4, what is -11 + -1120133002322?
-1120133002333
In base 7, what is 22220663 - -2?
22220665
In base 2, what is 10001010111000111110000 + -1?
10001010111000111101111
In base 11, what is -282693 - 1492?
-284075
In base 13, what is 52a86 - 985?
52101
In base 11, what is -19 - -13514a96?
13514a78
In base 10, what is 19580 - -7766?
27346
In base 9, what is -61 + -6702487?
-6702558
In base 11, what is -539321 - -37?
-539295
In base 2, what is 101001101001010000111110 - 1?
101001101001010000111101
In base 14, what is -4d50 - 4c6?
-5436
In base 5, what is -112144 - -141?
-112003
In base 2, what is -1110 - 101111000100011110001?
-101111000100011111111
In base 11, what is a001074 - -2?
a001076
In base 7, what is 21 + -3120120?
-3120066
In base 3, what is -2220021021 + -100101011?
-10020122102
In base 8, what is 1 - 16001673?
-16001672
In base 7, what is -12012305 - 352?
-12012660
In base 7, what is 30363 + -5146?
22214
In base 6, what is -11 + -1042554455?
-1042554510
In base 14, what is 15cd10c7 - 3?
15cd10c4
In base 5, what is 22 - -3231041?
3231113
In base 11, what is 0 - -20902a52?
20902a52
In base 13, what is 1365a96 + 9?
1365aa2
In base 14, what is 2955d - 244?
29319
In base 10, what is 4 + -53743615?
-53743611
In base 5, what is 21134231341 - -211?
21134232102
In base 4, what is -221220 - 2022110?
-2303330
In base 11, what is -31 + -6150?
-6181
In base 6, what is 33453 + 523?
34420
In base 11, what is 42673990 + -2?
42673989
In base 9, what is -66301313 + 0?
-66301313
In base 4, what is -1 - 31213000100011?
-31213000100012
In base 2, what is 1010110 + -101011110010001001?
-101011110000110011
In base 13, what is 2447a - 1?
24479
In base 2, what is -10010100110 + 10110010010001?
10011111101011
In base 6, what is 302 - 202303?
-202001
In base 15, what is -101 - e6de5?
-e6ee6
In base 7, what is 15002541502 + -1?
15002541501
In base 3, what is 10201221021111 + 121?
10201221022002
In base 16, what is 8f98b + -71?
8f91a
In base 5, what is -132444240 - -20?
-132444220
In base 5, what is 12010 - -1121214?
1133224
In base 8, what is 662 + 333667?
334551
In base 5, what is 31413 - 10430224?
-10343311
In base 14, what is -408622 - -3?
-40861d
In base 4, what is 12003 + 10031312?
10103321
In base 8, what is -1110543 + 1222?
-1107321
In base 11, what is 51a2318 - 1?
51a2317
In base 7, what is 4360 + 1666423?
2004113
In base 13, what is -118c322 + -5?
-118c327
In base 13, what is -616 - 6296?
-68ac
In base 16, what is -3122540 - 0?
-3122540
In base 16, what is 5d4 + 3670b?
36cdf
In base 3, what is 11000111020 + 102?
11000111122
In base 3, what is 1 + -211200111112202?
-21120